{"id":4235,"date":"2021-06-27T19:46:28","date_gmt":"2021-06-27T19:46:28","guid":{"rendered":"https:\/\/sanlager.infozelt.de\/?post_type=product&#038;p=4235"},"modified":"2024-07-07T08:11:55","modified_gmt":"2024-07-07T08:11:55","slug":"tubusverlaengerung","status":"publish","type":"product","link":"https:\/\/sanlager.infozelt.de\/?product=tubusverlaengerung","title":{"rendered":"Tubusverl\u00e4ngerung"},"content":{"rendered":"<p>Tubusverl\u00e4ngerung, &#8220;G\u00e4nsegurgel&#8221;<\/p>\n","protected":false},"excerpt":{"rendered":"<p>Beh\u00e4ltnisse\/Fahrzeuge:<br \/>\nKiste Sondermodule, Beatmungsger\u00e4t Meduvent Standard (Intensivkomponente)<\/p>\n","protected":false},"featured_media":0,"template":"","meta":[],"product_brand":[],"product_cat":[27,16],"product_tag":[],"class_list":{"0":"post-4235","1":"product","2":"type-product","3":"status-publish","5":"product_cat-intensivkomponente","6":"product_cat-verbrauchmaterial","8":"first","9":"instock","10":"shipping-taxable","11":"purchasable","12":"product-type-simple"},"_links":{"self":[{"href":"https:\/\/sanlager.infozelt.de\/index.php?rest_route=\/wp\/v2\/product\/4235","targetHints":{"allow":["GET"]}}],"collection":[{"href":"https:\/\/sanlager.infozelt.de\/index.php?rest_route=\/wp\/v2\/product"}],"about":[{"href":"https:\/\/sanlager.infozelt.de\/index.php?rest_route=\/wp\/v2\/types\/product"}],"wp:attachment":[{"href":"https:\/\/sanlager.infozelt.de\/index.php?rest_route=%2Fwp%2Fv2%2Fmedia&parent=4235"}],"wp:term":[{"taxonomy":"product_brand","embeddable":true,"href":"https:\/\/sanlager.infozelt.de\/index.php?rest_route=%2Fwp%2Fv2%2Fproduct_brand&post=4235"},{"taxonomy":"product_cat","embeddable":true,"href":"https:\/\/sanlager.infozelt.de\/index.php?rest_route=%2Fwp%2Fv2%2Fproduct_cat&post=4235"},{"taxonomy":"product_tag","embeddable":true,"href":"https:\/\/sanlager.infozelt.de\/index.php?rest_route=%2Fwp%2Fv2%2Fproduct_tag&post=4235"}],"curies":[{"name":"wp","href":"https:\/\/api.w.org\/{rel}","templated":true}]}}