{"id":4233,"date":"2021-06-27T19:46:28","date_gmt":"2021-06-27T19:46:28","guid":{"rendered":"https:\/\/sanlager.infozelt.de\/?post_type=product&#038;p=4233"},"modified":"2024-07-07T14:42:49","modified_gmt":"2024-07-07T14:42:49","slug":"schutzhuelle-fuer-fieberthermometer","status":"publish","type":"product","link":"https:\/\/sanlager.infozelt.de\/?product=schutzhuelle-fuer-fieberthermometer","title":{"rendered":"Fieberthermometer &#8211; Schutzh\u00fclle"},"content":{"rendered":"<p>Schutzh\u00fclle f\u00fcr Fieberthermometer<\/p>\n","protected":false},"excerpt":{"rendered":"<p>Beh\u00e4ltnisse\/Fahrzeuge:<br \/>\nKiste Sondermodule, KTW<\/p>\n","protected":false},"featured_media":0,"template":"","meta":[],"product_brand":[],"product_cat":[21,16],"product_tag":[],"class_list":{"0":"post-4233","1":"product","2":"type-product","3":"status-publish","5":"product_cat-ktw","6":"product_cat-verbrauchmaterial","8":"first","9":"instock","10":"shipping-taxable","11":"purchasable","12":"product-type-simple"},"_links":{"self":[{"href":"https:\/\/sanlager.infozelt.de\/index.php?rest_route=\/wp\/v2\/product\/4233","targetHints":{"allow":["GET"]}}],"collection":[{"href":"https:\/\/sanlager.infozelt.de\/index.php?rest_route=\/wp\/v2\/product"}],"about":[{"href":"https:\/\/sanlager.infozelt.de\/index.php?rest_route=\/wp\/v2\/types\/product"}],"wp:attachment":[{"href":"https:\/\/sanlager.infozelt.de\/index.php?rest_route=%2Fwp%2Fv2%2Fmedia&parent=4233"}],"wp:term":[{"taxonomy":"product_brand","embeddable":true,"href":"https:\/\/sanlager.infozelt.de\/index.php?rest_route=%2Fwp%2Fv2%2Fproduct_brand&post=4233"},{"taxonomy":"product_cat","embeddable":true,"href":"https:\/\/sanlager.infozelt.de\/index.php?rest_route=%2Fwp%2Fv2%2Fproduct_cat&post=4233"},{"taxonomy":"product_tag","embeddable":true,"href":"https:\/\/sanlager.infozelt.de\/index.php?rest_route=%2Fwp%2Fv2%2Fproduct_tag&post=4233"}],"curies":[{"name":"wp","href":"https:\/\/api.w.org\/{rel}","templated":true}]}}