{"id":4175,"date":"2021-06-27T19:46:15","date_gmt":"2021-06-27T19:46:15","guid":{"rendered":"https:\/\/sanlager.infozelt.de\/?post_type=product&#038;p=4175"},"modified":"2025-10-01T12:21:31","modified_gmt":"2025-10-01T12:21:31","slug":"blutzuckertestloesung","status":"publish","type":"product","link":"https:\/\/sanlager.infozelt.de\/?product=blutzuckertestloesung","title":{"rendered":"Blutzuckertestl\u00f6sung"},"content":{"rendered":"<p>BZ-Testl\u00f6sung, Blutzucker-Testfl\u00fcssigkeit<\/p>\n","protected":false},"excerpt":{"rendered":"<p>BZ-Testl\u00f6sung, Blutzucker-Testfl\u00fcssigkeit<\/p>\n","protected":false},"featured_media":0,"template":"","meta":[],"product_brand":[],"product_cat":[16],"product_tag":[],"class_list":{"0":"post-4175","1":"product","2":"type-product","3":"status-publish","5":"product_cat-verbrauchmaterial","7":"first","8":"instock","9":"shipping-taxable","10":"purchasable","11":"product-type-simple"},"_links":{"self":[{"href":"https:\/\/sanlager.infozelt.de\/index.php?rest_route=\/wp\/v2\/product\/4175","targetHints":{"allow":["GET"]}}],"collection":[{"href":"https:\/\/sanlager.infozelt.de\/index.php?rest_route=\/wp\/v2\/product"}],"about":[{"href":"https:\/\/sanlager.infozelt.de\/index.php?rest_route=\/wp\/v2\/types\/product"}],"wp:attachment":[{"href":"https:\/\/sanlager.infozelt.de\/index.php?rest_route=%2Fwp%2Fv2%2Fmedia&parent=4175"}],"wp:term":[{"taxonomy":"product_brand","embeddable":true,"href":"https:\/\/sanlager.infozelt.de\/index.php?rest_route=%2Fwp%2Fv2%2Fproduct_brand&post=4175"},{"taxonomy":"product_cat","embeddable":true,"href":"https:\/\/sanlager.infozelt.de\/index.php?rest_route=%2Fwp%2Fv2%2Fproduct_cat&post=4175"},{"taxonomy":"product_tag","embeddable":true,"href":"https:\/\/sanlager.infozelt.de\/index.php?rest_route=%2Fwp%2Fv2%2Fproduct_tag&post=4175"}],"curies":[{"name":"wp","href":"https:\/\/api.w.org\/{rel}","templated":true}]}}