{"id":4162,"date":"2021-06-27T19:46:12","date_gmt":"2021-06-27T19:46:12","guid":{"rendered":"https:\/\/sanlager.infozelt.de\/?post_type=product&#038;p=4162"},"modified":"2022-03-26T19:13:16","modified_gmt":"2022-03-26T19:13:16","slug":"kanuelenabwurf","status":"publish","type":"product","link":"https:\/\/sanlager.infozelt.de\/?product=kanuelenabwurf","title":{"rendered":"Kan\u00fclenabwurf"},"content":{"rendered":"<p>Kan\u00fclenabwurf, Abwurfbeh\u00e4lter, verschiedene Ausf\u00fchrungen<\/p>\n<p>&nbsp;<\/p>\n","protected":false},"excerpt":{"rendered":"<p>Beh\u00e4ltnisse\/Fahrzeuge:<br \/>\nKiste Erstversorgung, Kiste Intensivplatz, BlueBag, DocBag, KTW, GW San<\/p>\n<p><em>Ausf\u00fchrungen:<\/em><br \/>\n<em>Klein &#8211; DocBag, BlueBag, KTW, GW San<\/em><br \/>\n<em>Gro\u00df &#8211; Kiste Erstversorgung, Kiste Intensivplatz, GW San<\/em><br \/>\n<em>KTW (f\u00fcr Wandhalterung)<\/em><\/p>\n","protected":false},"featured_media":0,"template":"","meta":[],"product_brand":[],"product_cat":[23,27,21,16],"product_tag":[],"class_list":{"0":"post-4162","1":"product","2":"type-product","3":"status-publish","5":"product_cat-gwsan","6":"product_cat-intensivkomponente","7":"product_cat-ktw","8":"product_cat-verbrauchmaterial","10":"first","11":"instock","12":"shipping-taxable","13":"purchasable","14":"product-type-variable"},"_links":{"self":[{"href":"https:\/\/sanlager.infozelt.de\/index.php?rest_route=\/wp\/v2\/product\/4162","targetHints":{"allow":["GET"]}}],"collection":[{"href":"https:\/\/sanlager.infozelt.de\/index.php?rest_route=\/wp\/v2\/product"}],"about":[{"href":"https:\/\/sanlager.infozelt.de\/index.php?rest_route=\/wp\/v2\/types\/product"}],"wp:attachment":[{"href":"https:\/\/sanlager.infozelt.de\/index.php?rest_route=%2Fwp%2Fv2%2Fmedia&parent=4162"}],"wp:term":[{"taxonomy":"product_brand","embeddable":true,"href":"https:\/\/sanlager.infozelt.de\/index.php?rest_route=%2Fwp%2Fv2%2Fproduct_brand&post=4162"},{"taxonomy":"product_cat","embeddable":true,"href":"https:\/\/sanlager.infozelt.de\/index.php?rest_route=%2Fwp%2Fv2%2Fproduct_cat&post=4162"},{"taxonomy":"product_tag","embeddable":true,"href":"https:\/\/sanlager.infozelt.de\/index.php?rest_route=%2Fwp%2Fv2%2Fproduct_tag&post=4162"}],"curies":[{"name":"wp","href":"https:\/\/api.w.org\/{rel}","templated":true}]}}