{"id":4155,"date":"2021-06-27T19:46:12","date_gmt":"2021-06-27T19:46:12","guid":{"rendered":"https:\/\/sanlager.infozelt.de\/?post_type=product&#038;p=4155"},"modified":"2025-10-01T13:16:50","modified_gmt":"2025-10-01T13:16:50","slug":"fuehrungsmandrin","status":"publish","type":"product","link":"https:\/\/sanlager.infozelt.de\/?product=fuehrungsmandrin","title":{"rendered":"F\u00fchrungsmandrin"},"content":{"rendered":"<p>F\u00fchrungsmandrin \/ F\u00fchrungsstab, verschiedene Gr\u00f6\u00dfen<\/p>\n","protected":false},"excerpt":{"rendered":"<p>Beh\u00e4ltnisse\/Fahrzeuge:<br \/>\nKiste Sondermodule, BlueBag, DocBag, KTW, GW San<\/p>\n<p><em>Gr\u00f6\u00dfenzuordnung:<br \/>\n<\/em>Klein = CH. 06 &#8211; geeignet f\u00fcr Endotrachealtuben Gr. 2,5 &#8211; 4,0<br \/>\nMittel (nur KTW) = CH. 10 &#8211; geeignet f\u00fcr Endotrachealtuben Gr. 4,0 &#8211; 6,0<br \/>\nGro\u00df = CH. 14 &#8211; geeignet f\u00fcr Endotrachealtuben Gr. 5,0 &#8211; 10,0<\/p>\n<p><strong>Hinweis zum KTW:<\/strong><br \/>\nVergleichbar zum &#8220;Mandrin f\u00fcr Trachealtubus ab CH 16 2,0 mm&#8221; ist die Gr\u00f6\u00dfe &#8220;Klein&#8221;.<br \/>\n<em>Anmerkung: F\u00fcr den Tubus der Gr\u00f6\u00dfe 2,0 haben wir leider keinen F\u00fchrungsmandrin. Ab Gr\u00f6\u00dfe 2,5 sind dann aber alle Gr\u00f6\u00dfen abgedeckt.\u00a0<\/em><br \/>\nVergleichbar zum &#8220;Mandrin f\u00fcr Trachealtubus ab CH 22 4,3 mm&#8221; ist die Gr\u00f6\u00dfe &#8220;Mittel&#8221;.<br \/>\nVergleichbar zum &#8220;Einf\u00fchrungsmandrin Endo 2,5 &#8211; 3,5 mm&#8221; ist die Gr\u00f6\u00dfe &#8220;Klein&#8221;.<br \/>\nVergleichbar zum &#8220;Einf\u00fchrungsmandrin Endo 4,0 &#8211; 6,5 mm&#8221; ist die Gr\u00f6\u00dfe &#8220;Mittel&#8221;.<br \/>\nVergleichbar zum &#8220;Einf\u00fchrungsmandrin Endo 7,0 &#8211; 10,0 mm&#8221; ist die Gr\u00f6\u00dfe &#8220;Gro\u00df&#8221;.<\/p>\n<p><strong>Hinweis zum GW San:<\/strong><br \/>\nVergleichbar zum Mandrin Gr. 12 ist die Gr\u00f6\u00dfe &#8220;Klein&#8221;.<br \/>\nVergleichbar zum Mandrin Gr. 14 ist die Gr\u00f6\u00dfe &#8220;Gro\u00df&#8221;.<br \/>\nMit dieser Kombination sind dann alle Endotrachealtuben auf dem GW San abgedeckt.<\/p>\n","protected":false},"featured_media":0,"template":"","meta":[],"product_brand":[],"product_cat":[23,27,21,16],"product_tag":[],"class_list":{"0":"post-4155","1":"product","2":"type-product","3":"status-publish","5":"product_cat-gwsan","6":"product_cat-intensivkomponente","7":"product_cat-ktw","8":"product_cat-verbrauchmaterial","10":"first","11":"instock","12":"shipping-taxable","13":"purchasable","14":"product-type-variable"},"_links":{"self":[{"href":"https:\/\/sanlager.infozelt.de\/index.php?rest_route=\/wp\/v2\/product\/4155","targetHints":{"allow":["GET"]}}],"collection":[{"href":"https:\/\/sanlager.infozelt.de\/index.php?rest_route=\/wp\/v2\/product"}],"about":[{"href":"https:\/\/sanlager.infozelt.de\/index.php?rest_route=\/wp\/v2\/types\/product"}],"wp:attachment":[{"href":"https:\/\/sanlager.infozelt.de\/index.php?rest_route=%2Fwp%2Fv2%2Fmedia&parent=4155"}],"wp:term":[{"taxonomy":"product_brand","embeddable":true,"href":"https:\/\/sanlager.infozelt.de\/index.php?rest_route=%2Fwp%2Fv2%2Fproduct_brand&post=4155"},{"taxonomy":"product_cat","embeddable":true,"href":"https:\/\/sanlager.infozelt.de\/index.php?rest_route=%2Fwp%2Fv2%2Fproduct_cat&post=4155"},{"taxonomy":"product_tag","embeddable":true,"href":"https:\/\/sanlager.infozelt.de\/index.php?rest_route=%2Fwp%2Fv2%2Fproduct_tag&post=4155"}],"curies":[{"name":"wp","href":"https:\/\/api.w.org\/{rel}","templated":true}]}}